(y) = 5*y**3 + 33*y**2 - 8*y - 21. Let t(z) = z**3 + 8*z**2 - 2*z - 5. Let c(k) = -2*h(k) + 9*t(k). What is the tens digit of c(x)?
1
Let r(j) = 8*j + 23. What is the hundreds digit of r(10)?
1
Let g(c) = 2*c**2 + 38*c - 12. What is the units digit of g(-20)?
8
Let u be (-1)/((-3)/9 - 0). Suppose -2*b = 2*b - 20. Let c = b - u. What is the units digit of c?
2
Suppose 315 = -10*o + 15*o. What is the units digit of o?
3
Let m(u) = 3*u + 10. Let w be m(-9). Let r be ((-50)/4)/(2/(-4)). Let p = w + r. What is the units digit of p?
8
Let r = 12 - -92. What is the tens digit of r?
0
Let a(o) = o - 7. Let y be a(5). Let m = 0 - y. Let x = 5 - m. What is the units digit of x?
3
Let p(y) = -y**2 - 8*y - 5. Let v be 1/(-3 + (-51)/(-18)). What is the units digit of p(v)?
7
Suppose 5*z + 4 - 29 = 0. Suppose 0 = z*j + 4*d - 6 - 12, 3*d = -5*j + 16. What is the units digit of j?
2
Suppose -20*d + 31*d - 528 = 0. What is the units digit of d?
8
Let t be -2 + -1 + 0 + 29. Suppose -c - t = -2*c. What is the tens digit of c?
2
Suppose -4*d - 110 = -9*d. What is the tens digit of d?
2
Let z be (-3 - -3) + 6/1. Let j = z + -1. Let y(a) = 2*a + 5. What is the tens digit of y(j)?
1
Let v(o) = o**2. Let p = 1 + 2. What is the units digit of v(p)?
9
Let y(w) = -w**2 - 6*w + 1. Let n = 6 + -12. Let p be y(n). Let b(d) = 14*d**3. What is the tens digit of b(p)?
1
Suppose 7 - 3 = 2*s. Suppose s*l + 3*l = 15. What is the units digit of l?
3
Let f(s) = -7*s + 2. Let b be f(-6). Suppose 2*d + 70 = 4*c + 4*d, -2*c - 4*d = -b. What is the units digit of c?
6
Suppose 3*a + 350 = 10*a. What is the tens digit of a?
5
Suppose -3*k - i + 15 = 0, 0*i = -2*k + 5*i + 10. Suppose 3*b - k = 13. What is the units digit of b?
6
Suppose 31 - 9 = -2*f. Let c = f - -40. What is the units digit of c?
9
Suppose -22 = -4*b + 10. What is the units digit of b?
8
Suppose 1300 = 4*z + 4*i, 4*z + 527 = -5*i + 1828. What is the units digit of z?
4
Suppose -5*v - 10 = -30, -v = -3*c + 5. Let a = c + -2. What is the units digit of (a - 4/2) + 2?
1
Let d = 15 + -9. What is the units digit of ((-2)/d)/(7/(-21))?
1
Suppose -5*v + 581 = 4*c, -v + c - 117 = -2*v. What is the hundreds digit of v?
1
Suppose 2*b + 124 = 5*b + m, 3*b - 3*m - 108 = 0. What is the units digit of b?
0
Suppose 700 = 3*o + 2*o + 4*p, -2*p + 554 = 4*o. What is the hundreds digit of o?
1
Let i(k) = 3*k - 5. Let r(t) = -t**3 - 6*t**2 + 4*t + 9. Let f be r(-7). Suppose 3*y - f = -2*y. What is the units digit of i(y)?
3
Suppose -5*y = -5*w + 30, 0*y = 3*w + 5*y - 34. Let p = w + -3. What is the units digit of p?
5
Let t be (-2 - (0 + -1)) + 3. Suppose 3*b = 11 - t. Suppose 0*o - 24 = -b*o. What is the units digit of o?
8
What is the units digit of 6/(-4) - (-4908)/24?
3
Let a = -2 - -4. Suppose 0 = b + a*b + 3. Let j = b - -8. What is the units digit of j?
7
Suppose -4*a = -5*a + 112. What is the units digit of a?
2
Suppose -4*s + s = -30. What is the tens digit of s?
1
Suppose -4*x = -2*n - 9*x + 296, 0 = 2*n + 3*x - 300. What is the hundreds digit of n?
1
Suppose -2*w = 3*x - 13, 4*w + 7 = -2*x + 7*x. Suppose x*j - 15 = -0*j. Suppose 21 + 19 = j*t. What is the units digit of t?
8
What is the units digit of (-1182)/(-18)*(-3)/(-1)?
7
Let t be (12/15)/((-2)/(-5)). Let p = 4 - t. Suppose -2*u + 0*s = -s - 13, -5*s - 1 = -p*u. What is the units digit of u?
8
Suppose -2*i = 2*v - 7*v - 14, i + 19 = -4*v. Let s be (1*i)/((-1)/3). Suppose -3*c + 0*c + s = -m, c = 4*m - 8. What is the units digit of c?
4
Suppose 6*b - 4*b - 302 = 0. What is the tens digit of b?
5
Suppose n + 4*n - 15 = 0. Suppose 4*u = 4, -21 = -2*x - n*u - 2*u. What is the units digit of x?
8
Let c(u) = 14*u - 2. What is the tens digit of c(1)?
1
Let t(y) = -y**3 - 10*y**2 + 15*y - 17. What is the tens digit of t(-12)?
9
Suppose -3*x + g + 18 = 1, 0 = 2*x - g - 12. Let m = 21 - x. Let h = m + -11. What is the units digit of h?
5
Suppose -5*l - 2*g + 245 = 41, 4*g - 8 = 0. What is the units digit of l?
0
Suppose 2*i - 12 = 3*s, 0*s - s = 4. What is the units digit of (-29)/(-1 + (0 - i))?
9
Let n(o) = o**2 - 12*o + 21. What is the tens digit of n(11)?
1
Suppose 13 = 3*j + j + g, g = -j + 1. Suppose -28 = -4*p + j. Let i = 12 - p. What is the units digit of i?
4
Let v(b) = 10*b**2 + 2*b - 1. Let o be v(1). Suppose -11 = -4*d + 9. Let t = o - d. What is the units digit of t?
6
Suppose -2*b - 2*b = -468. What is the units digit of b?
7
Let o = -5 - -10. Let s be (2/o)/(1/10). Suppose -q - s*d = d - 12, 4*q - 5*d = 23. What is the units digit of q?
7
Let w = -7 - -12. What is the units digit of 1*(-2 + 2 + w)?
5
Let d = -2 - -4. Suppose 2*r + 0*r = d. What is the units digit of r?
1
Suppose -3*s - 131 = -359. What is the units digit of s?
6
Suppose 0 = -4*s - 28. Let g(d) = -d - 6. What is the units digit of g(s)?
1
What is the tens digit of (-4)/(-12) - (-268)/6?
4
Suppose -4*s = -161 - 655. What is the units digit of s?
4
Suppose -2*k - 2 = -3*k. Suppose -3*q = -3*b - 123, -k*q - 5*b = -q - 35. What is the tens digit of q?
4
Let o(c) = c**2 + 2*c - 3. Suppose -3*b + 10 = 2*b. Let l = b - -2. What is the tens digit of o(l)?
2
Let t(n) = 2*n + 14. Let u be t(0). Suppose -4*h = -2*j - 32, -2*j + 0*j = -h + u. What is the units digit of h?
6
Let u(p) = p**3 - 9*p**2 + 10*p - 11. Let h be u(8). Suppose 0 = 4*m - h - 3. Suppose -c = 3, -l - c = -2 - m. What is the units digit of l?
7
Let p = -30 + 50. What is the tens digit of p?
2
What is the tens digit of 86 + 1/((-2)/6)?
8
What is the tens digit of ((-4)/(-6))/((-10)/(-615))?
4
Let z be (-2)/(-9) + (-208)/(-36). Suppose 5*g + 2*r = -r + 84, 2*r = -g + 14. What is the units digit of (-32)/(-6) - z/g?
5
Let t = -4 + 6. What is the tens digit of (t + 51 - -3) + -1?
5
Let k = -21 - -40. Let c = 31 - k. What is the units digit of (-20)/3*c/(-10)?
8
Let x(p) = -8*p - 12. Let h be x(-6). Suppose -5*y + 3*y + h = 0. What is the units digit of y?
8
Suppose -2*n + n = -2. What is the units digit of 4*(n - 4)/(-1)?
8
Suppose v + 1 = -3*t, -v - 6 = -3*t - 17. What is the units digit of (17/t)/(4/(-8))?
7
Let i(w) = -4*w**3 - 8*w**2 + 4*w + 2. Let d(r) = -3*r**3 - 7*r**2 + 3*r + 2. Let q(v) = -5*d(v) + 4*i(v). What is the units digit of q(-2)?
6
Let s = 0 + 2. Suppose 0 = -s*y + 4*b + 36, -y - 3*y + 12 = 4*b. What is the units digit of y?
8
Let q = 18 + -10. What is the units digit of q?
8
Let w(n) = n**3 + 9*n**2 + 7*n - 3. Let c be w(-8). Suppose u + u + 3 = c*q, -5*q - 3*u + 8 = 0. What is the units digit of q?
1
Let d(l) = -4*l + 4. Let a be d(4). Let y be -7*2 + -2 - -1. What is the units digit of (a/y)/((-4)/(-30))?
6
Let h = -240 - -376. What is the hundreds digit of h?
1
Let v = -22 + -5. Let i = v - -39. What is the tens digit of i?
1
Let h(s) = -s - 4. Let x be h(0). What is the tens digit of x/(-10) + (-146)/(-10)?
1
Let b(d) = -d**3 - 7*d**2 - 6*d + 1. Let f(v) = -v**3 + v**2 + v + 112. Let w be f(0). Let q be 6/27 - w/18. What is the units digit of b(q)?
1
Let h(w) = -w**2 - 9*w - 6. Let q be h(-8). Suppose q*i = i - 4, 0 = s - i - 19. Suppose -4*r = r - s. What is the units digit of r?
3
Let o be (2/6)/(5/(-15)). What is the units digit of (-3)/o + 24/2?
5
Suppose -431 = -4*k - b, k = -b - 4*b + 103. What is the tens digit of k?
0
Let j(k) = 5*k**3 + 14*k**2 + 4*k + 4. Let m(d) = 6*d**3 + 15*d**2 + 4*d + 5. Let l(u) = 5*j(u) - 4*m(u). What is the tens digit of l(-9)?
4
Let p(d) = -d**3 - 2*d - 1. Let a be p(-1). What is the tens digit of 24 + (-2)/(a/3)?
2
Let q(n) = -4*n + 1. Let z be q(1). Let a be ((-1)/(2/20))/(-2). Let r = a + z. What is the units digit of r?
2
Let i(q) = 3*q**2 - 2*q - 2. Let h be i(2). Suppose o - h = -o. Suppose 7 = o*k - 8. What is the units digit of k?
5
Let k = 2 + -4. What is the tens digit of (-23)/k - 1/(-2)?
1
Let u(w) = -w**3 - 7*w**2 - 7*w - 4. What is the tens digit of u(-7)?
4
Let h(a) = -a + 3. Let b be h(0). Let x = b - -2. What is the units digit of x?
5
What is the tens digit of 18/4*1*6?
2
Suppose 7 + 18 = -5*l, 2*h - 7 = -l. Suppose -5*g + 101 = 4*o, o - 29 = -h*g + 4*g. What is the units digit of o?
9
Let v(n) = -n + 4 - 2 - 5 + 4. What is the units digit of v(-4)?
5
Suppose -5*o + 2*s = 5*s + 1094, 856 = -4*o + 4*s. What is the tens digit of o/(-14) - (-1)/(-2)?
1
Suppose 2*i = i 